 + 9*w - 6. Let r be x(-11). Let g = r - -77. Suppose 2*b - g = -27. What is the tens digit of b?
3
Let t be ((-2)/(-1)*1 - -2)*-1. What is the units digit of ((-15)/20)/((-6)/t)*-214?
7
Suppose 4*r = 2*t - 814, -r + 15 = 4*r. Suppose -3*i = 5*q - t, -2*q - 2*i + 247 = q. Suppose 0 = -k - 4*k + q. What is the tens digit of k?
1
Suppose 3*z - 2*h = 1064, 4*z + h - 1779 = -364. What is the tens digit of z?
5
Let q(u) = u**2 - 12*u - 10. Let n be q(13). Suppose n*x = 59 + 28. Suppose -l = 3 - x. What is the units digit of l?
6
Suppose -5*j = -j - 12. Let k = 1 - j. Let r = k - -31. What is the tens digit of r?
2
Let a be (-3 + 2)*-9 - -1. Let c(q) = q**2 + a + 2*q - 13 + 7*q. What is the units digit of c(-10)?
7
Let j = -8 - -11. Suppose j*a - 15 - 3 = 0. Suppose -10 = -a*x + x. What is the units digit of x?
2
Suppose -11*k = -100 + 23. Let t(c) = c**3 - 5*c**2 - 9*c + 3. What is the units digit of t(k)?
8
Let b = 4 - -8. Suppose b*n - 20 = 7*n. Suppose -2*q - 18 = -w, n*w - 21 - 39 = 2*q. What is the tens digit of w?
1
Let i(b) = -b**3 - 4*b**2 + 8*b + 22. What is the hundreds digit of i(-8)?
2
Suppose 5*s = 4*o - 18829, 4710 = o - 34*s + 30*s. What is the hundreds digit of o?
7
Let t = -14 + 10. Let h(s) = -3*s**3 - 2*s**2 - 9*s. What is the units digit of h(t)?
6
Let g = 11 + 15. Suppose n = -2*k - g, 3*k - 4*n + 13 = 2*k. What is the units digit of (26/k)/(4/(-66))?
3
Let p(m) = 9*m - 74. What is the tens digit of p(13)?
4
Suppose 9*p = 12*p + 72. Let c = p - -30. What is the units digit of c?
6
Suppose -3*p = -4*u + 259, -4*u + 2*p + 130 = -2*u. Suppose 0 = 6*d - 2*d - u. What is the units digit of d?
6
Suppose 395 + 481 = 6*z. Let q = 229 - z. What is the tens digit of q?
8
Let l(h) = 48*h**2 - h - 6. What is the units digit of l(3)?
3
Suppose -4*h + 651 = -4*l - 3705, 2*h - 5*l = 2172. What is the thousands digit of h?
1
Let l(n) = n**2 + 5*n + 1. Let d be l(-5). Suppose 3*y - 7 = -d. Suppose 0 = -4*s + y*j + 52, -5*s + 4*j = -30 - 29. What is the tens digit of s?
1
Let y(s) = -s**3 + 5*s**2 + 7*s - 7. Let z be y(6). Let x = 3 + z. Suppose -v = x*v - 51. What is the units digit of v?
7
Let s(q) = -q**2 - 2*q + 20. Let z be s(0). Let k be (-4)/z + 48/15. Suppose -k*i + 2*t = -3*t - 161, i - 59 = -t. What is the tens digit of i?
5
Let c(d) = -d**2 - 8*d + 29. Let w be c(-9). Suppose 0 = 3*t + t - 52. Let i = w + t. What is the tens digit of i?
3
What is the units digit of (-4 - 6/(-1))*258?
6
Suppose -4*g = -4*m + 544, 281 = -2*g + 5*m - 0*m. What is the units digit of (g/28)/(2/(-32))?
6
What is the units digit of 348 - (2/11 - 368/88)?
2
Suppose -5*u + 621 - 76 = -2*w, -3*w - 229 = -2*u. Suppose 11*v - 285 = 12. Suppose -3*t + 2*t = -x - v, -2*x + u = 5*t. What is the units digit of t?
3
Suppose -7*q + 2400 = -2332. What is the units digit of q?
6
Let a(b) = b**2 + b - 2. Let l be a(-3). Let i be 348/8*40/(-6). What is the units digit of i/(-6) + l/(-12)?
8
Suppose 30 = 2*z + 66. Let i = z - -66. What is the tens digit of i?
4
Let a = -13 + -35. Let j = a + 87. What is the tens digit of j?
3
Let w = 1334 + 391. What is the units digit of w?
5
Suppose 4*b - 17 - 15 = 0. Suppose -5*t - b = -23. Suppose -2*z + t*z = 28. What is the units digit of z?
8
Let b(w) = -5*w**3 - 3*w**2 - 13*w - 43. Let q be b(-6). Suppose 9*s - 640 = q. What is the units digit of s?
3
Suppose 2766 + 173 = p - 5*o, 4*p = 2*o + 11828. What is the thousands digit of p?
2
Let k(j) = -j**3 - 13*j**2 - 3. Let x be k(-13). What is the units digit of x*(-30)/9*13/2?
5
Let q = 21 + -34. Let m = -25 - q. Let y = -8 - m. What is the units digit of y?
4
What is the thousands digit of 2822*(4 - (-56)/(-16))?
1
Let m be 268/7 + (-185)/35 + 5. What is the units digit of m/57 + (-13)/(-3)?
5
Let c = 9 - 3. Suppose -2*n - 280 = -c*n. What is the tens digit of n/5 + (-1 - -4)?
1
Let i = 10095 + -5481. What is the thousands digit of i?
4
Suppose 57*w + 28*w - 339235 = 0. What is the units digit of w?
1
Suppose -5*h - i + 1878 = -954, -3*h = -2*i - 1707. What is the units digit of h?
7
Let f(p) = 5*p**2 - 5. Let c = 44 + -41. What is the tens digit of f(c)?
4
Let b be 1 + (70/(-2))/(-1). Suppose 41*y - b*y - 390 = 0. What is the tens digit of y?
7
Suppose 3*s - 150 = -2*s. Suppose -j + 4*f = -29, -5*f - 5 + s = 0. What is the tens digit of j?
4
Let c be (-6)/4 - (75/(-6))/(-5). Let k(s) = s + 3. Let i be k(-3). What is the units digit of 1/((-4)/c + i)?
1
Let n be 2022/16 + -6*(-4)/(-64). Let c = 16 + n. What is the hundreds digit of c?
1
Let h(m) be the first derivative of 45*m**2/2 - 7*m - 19. What is the units digit of h(2)?
3
Let l = -48 - -50. Suppose -3*x = -l*u - 479, 17 + 132 = x + 2*u. What is the tens digit of x?
5
Suppose -3 - 6 = -3*l. Suppose -l*i + 8 = -187. What is the units digit of i?
5
Let y = 3481 - 1950. What is the tens digit of y?
3
Suppose -4*q - 3*x + 128 + 261 = 0, 5*x = -4*q + 387. What is the tens digit of q?
9
Suppose -4*j = 5*v - 8427, -148 = 5*v + 5*j - 8573. What is the hundreds digit of v?
6
Let i = -44 + 45. Let l(b) = 69*b**3 + b**2 + b - 1. What is the units digit of l(i)?
0
Let z(q) = -q**3 + 11*q**2 + 16*q - 1. Let r be z(11). Suppose 2*l + 31 - r = 0. What is the tens digit of l?
7
Suppose o - 5*w = 5929, -18*o - w + 23800 = -14*o. What is the units digit of o?
9
Let f be (1 + -2)*0/(-2). Suppose f = -c + 5*a + 30, 5*c - a - 3*a - 45 = 0. Let d = 15 + c. What is the units digit of d?
0
Let v(n) = -n**3 - 2*n**2 + 9*n - 3. Let b be v(-6). Suppose r = -3*s + 122, r - 4*s - 7 = b. What is the tens digit of r?
1
Suppose 15*k - 12*k - 3556 = -2*c, 4*c = -2*k + 7112. What is the thousands digit of c?
1
Let p(c) = -c - 6. Let b be p(-14). What is the tens digit of 566/(-3)*(-12)/b?
8
Suppose 5*y + 45 = -5*j, -5*y + 5 = -4*j - 4. Let h = j - -28. What is the units digit of h?
2
Suppose 0 = g - 3*g. Suppose 5*o - 7 - 3 = 0. Let b = g + o. What is the units digit of b?
2
Suppose -4 - 8 = -2*s. Suppose j = -b + 11, 0*b = -2*b + s. What is the units digit of j?
8
What is the units digit of 91966/105 - 4/(-30)?
6
Suppose -3*y = 3005 + 3049. What is the hundreds digit of (-3)/(-15) + y/(-10)?
2
Let b = -68 - -73. Let o(s) = -3*s + 22. What is the units digit of o(b)?
7
Let q(b) = -b**2 - 4*b + 1. Let g be q(-3). Suppose g*u = -4*r + 20, 29 = 4*r - u - 6. Suppose 4*h + 40 = r*h. What is the units digit of h?
0
Let o(n) be the second derivative of n**5/10 - n**4/3 - n**3/6 - n**2/2 + 3*n. Suppose -10 + 19 = 3*s. What is the tens digit of o(s)?
1
Let y(x) = 4*x**2 - 26*x - 4. Let g(c) be the first derivative of -c**3/3 + 9*c**2/2 + c - 4. Let a(t) = -7*g(t) - 2*y(t). What is the units digit of a(-10)?
1
Suppose -s = r - 0*r - 6, s + 5*r = 10. Let j be -2 + s/((-20)/(-28)). Suppose j*m - 65 = -0*m. What is the tens digit of m?
1
Let l(o) = 19*o - 20. What is the hundreds digit of l(20)?
3
Suppose -3*a = -1324 - 1631. What is the units digit of a?
5
Suppose -3*y - 3860 = -5*a, -22*y + 19*y = 5*a - 3830. What is the units digit of a?
9
Let o(p) = 6*p**2 + 7*p - 40. What is the units digit of o(-12)?
0
Let c(t) = -t**3 - 18*t**2 + 16*t - 10. What is the tens digit of c(-19)?
4
Let q(x) = x**3 + 14*x**2 - 11*x + 24. What is the tens digit of q(-12)?
4
Suppose -3*t - 68 = 5*r, -5*t - 56 = -2*t + 2*r. Let d = t - -14. Let a = d - -35. What is the tens digit of a?
3
Let c(i) = -11 + 7*i**2 + i**2 - 15*i + 3 - 4 + i**3. Let d(f) = -2*f - 43. Let v be d(-17). What is the units digit of c(v)?
2
Suppose 2*g - p = 5, 12 = 5*g - p - 2. Suppose 0*y + 44 = -4*y - 4*q, 7 = -y + g*q. Let f = -7 - y. What is the units digit of f?
3
Suppose 19*g + 25 = 14*g. What is the units digit of (g + 1)/(1/(-18))?
2
Suppose 2*j = f - 5361, 5*j + 4307 = 3*f - 11778. What is the units digit of f?
5
Let z(j) = -17*j - 14. Let o be z(2). What is the tens digit of ((-23)/(-4))/((-6)/o)?
4
Suppose 18*z - 261 = 3357. What is the hundreds digit of z?
2
Let b = -70 + 75. Suppose 153 = 2*t - b*l, t = 2*l + 42 + 37. What is the units digit of t?
9
Suppose x - 3 = 2*s + 2*x, 4*s = 4*x. Let b = s + 4. Suppose 3*k = 3*d + 87, b*k - d - 39 - 38 = 0. What is the units digit of k?
4
Let y(g) = -15*g**3 + 9*g**2 - 2*g - 9. What is the tens digit of y(-4)?
0
Suppose -16982 = -53*i + 39*i. What is the thousand